hat is the tens digit of v?
4
Suppose 0 = 5*p + 3*d - 14, 2*p - 3 = d + 7. Suppose -29 = -2*n + 5*f, f + 18 = p*n - f. What is the units digit of n?
2
Let y be 1/2*(-2 - -8). Suppose -f - 26 = -y*f. What is the tens digit of f?
1
Let g(m) = m**3 - 7*m**2 + 2*m - 6. Let b be g(7). Let w = 11 - b. What is the units digit of w?
3
Suppose 3*l + 288 = -0*v + v, 3*v = 4*l + 879. What is the hundreds digit of v?
2
Let v(h) = -h - 6. Let j be v(-6). Suppose -4*y = -j*y - 16. What is the units digit of y?
4
Suppose -4*x - n - 29 = 4*n, -4*n - 25 = 5*x. Let m be x/(-2)*(-4 + 4). Suppose f - 16 = 3*u, 4*u + 10 + 2 = m. What is the units digit of f?
7
Let u(c) = 4*c. Let k = -4 + 0. Let q = -3 - k. What is the units digit of u(q)?
4
What is the units digit of 2*1/8 - 355/(-20)?
8
What is the tens digit of 1*(-1 + 1 + 29)?
2
Let f = 4 - -8. Let c = -6 + f. What is the units digit of c?
6
What is the tens digit of 37 - 5/(5/3)?
3
Let u(z) = 9 - 4*z + 4*z - z**2 + 7*z. Let a be u(7). What is the units digit of 2*a + (-6)/2?
5
Suppose k + 2*k - 47 = 5*y, 3*y = -3*k - 9. Let h be y/(-6) + 3/(-18). Suppose -u = -2 - h. What is the units digit of u?
3
Let i be 16/(-6)*(5 + 1). What is the tens digit of (-2 - i - -1) + 2?
1
What is the hundreds digit of -2 + (-1 + -1419)/(-4)?
3
Let c(z) = -77*z**3 - 2*z**2 - z + 2. Let j be c(2). What is the units digit of 2/5 - j/15?
2
Let f(r) = -2*r**3 + 2*r**2 + 39. What is the units digit of f(0)?
9
What is the units digit of (-462)/84*(-20 + -1 + 1)?
0
Suppose w + 4 = -2*d - 1, -2*w = -5*d + 10. Let h = d + 3. Suppose 55 = h*c + 2*c. What is the tens digit of c?
1
Suppose 0 = -u - 0 - 4. What is the units digit of -1*(2 + u - 0)?
2
Let p = 95 + 146. What is the units digit of p?
1
Suppose h + 2*h = 9, -5*v - 3*h + 29 = 0. Suppose 0*l + v = -2*l, 5*l = 5*r - 20. Suppose -o + 5 = -r*o + 2*a, 4*o - 5*a = -11. What is the units digit of o?
1
Let v(r) = -40*r**3 - 2*r**2 - 2*r - 2. What is the units digit of v(-2)?
4
Let k = -1 - 0. Let i be ((-6)/k)/((-6)/(-4)). Suppose -2*d + 2*b = -0*b - 4, -2*b - 10 = -i*d. What is the units digit of d?
3
What is the units digit of (-3)/(-6) + (-1290)/(-12)?
8
Let x be 270/24 - 2/8. Suppose -4*z = -5*g - 18, -3*g + x - 5 = 0. What is the units digit of z?
7
Let g(x) = 4*x**3 - 3*x**2 + 3*x - 2. Let p be g(2). Suppose -n + 4*n = p. Suppose 0 = 5*h + 2*u - 80, -n*u = 5*h - 3*u - 80. What is the units digit of h?
6
Let b(t) = t + 1. What is the units digit of b(3)?
4
Let a(s) = s**3 + 5*s**2 + 2. Let r be a(-5). Let z(m) = -m**3 + 3*m**2 - m + 1. What is the units digit of z(r)?
3
Suppose 0 = -5*q + 2*l + 944, 3*q - 55 - 515 = 3*l. What is the hundreds digit of q?
1
Let a be (-4)/(-7)*(-7)/(-2). What is the units digit of (a/(-4))/(2/(-24))?
6
Suppose 4*x - 7 = s - 0*s, 5*x + 3*s = 30. Suppose -3 = -3*j + x. Suppose 0*w = j*w - 10. What is the units digit of w?
5
Suppose -2*n + 2 = 50. What is the units digit of 3/((-2)/n*3)?
2
Suppose -17 = -f - 7. What is the tens digit of f?
1
Let g(k) = -k**3 + k - 6. Let x(h) = 2*h**3 + h**2 - 2*h + 13. Let d(m) = -9*g(m) - 4*x(m). Let i be d(4). What is the units digit of (5 + -2)*i/(-2)?
3
Suppose -2*a = 6 - 196. What is the units digit of a?
5
Suppose 0 = 10*o - 8*o - 30. What is the tens digit of o?
1
Let t = 17 + 43. Suppose -4*u + t = 4*v, -v + 2*v - 3 = 3*u. What is the tens digit of v?
1
Let c = -14 - -24. Suppose -2*a + c = -a. Suppose -a = -3*v + 8. What is the units digit of v?
6
Suppose -4*r - 160 = -3*i, i + 4*r = 3*r + 51. What is the units digit of i?
2
Suppose 0 = -3*a + 24. What is the units digit of ((-12)/a)/(9/(-12))?
2
Let n(a) = 9*a**2 + 2*a - 14. What is the tens digit of n(-5)?
0
Let j(s) = s**3 + 6*s**2 + 4*s + 5. Let r be j(-5). Let a(v) = v**2 - 10*v + 10. What is the tens digit of a(r)?
1
What is the tens digit of 40/(-25)*((-350)/4)/5?
2
Let n(r) be the first derivative of -r**3/3 + 4*r**2 + 4*r + 4. What is the units digit of n(8)?
4
Suppose 4*y - 5*a = 114 + 61, 0 = y + 4*a - 28. Suppose -3*g = -y - 32. What is the units digit of g?
4
Suppose -4*t = -170 - 90. What is the tens digit of t?
6
Let g(b) = b**3 - 19*b**2 + b - 10. Let o be g(19). Let n = o - 1. What is the units digit of n?
8
Let u = 1 + 0. Suppose 5*r = -5*b + 35, 5*b + r - u = 6*b. Suppose 18 = 2*l - 0*p + 2*p, -b*l + 3*p = 3. What is the units digit of l?
4
Let i be (-18)/(-4)*(-4)/(-3). Suppose -t + i*t = 40. Suppose -2*o + t = 2*o. What is the units digit of o?
2
Let k(j) = j**2 - 4. Let s = -10 - -7. What is the units digit of k(s)?
5
What is the units digit of 0 + -2 + 25 + 4/4?
4
What is the hundreds digit of 2 + 3 + 1666/17?
1
Let v(c) = -c**2 + 7*c - 4. Let t be v(5). Let s(d) = -d**3 + 5*d**2 + 9*d - 9. What is the units digit of s(t)?
9
Suppose w + 14 = 3*w. Suppose -2*s - 75 = -w*s. What is the units digit of s?
5
Let z be ((-402)/(-9))/((-2)/(-3)). Let i = -34 + z. What is the units digit of i?
3
Let d(n) = -n**2 - 6*n - 4. Let u be d(-5). Let z be (4 - u)*(-2 + 3). Suppose 2*q - 4*r = 8, z*r + 3 + 23 = 4*q. What is the units digit of q?
8
Suppose -2*g = -15 - 27. What is the tens digit of g?
2
Suppose -3*l = -6*l. What is the units digit of -1 - (l + -7) - -3?
9
Let z = 19 + -6. Suppose -2*d + 4 = c - 6*d, c - d - z = 0. What is the tens digit of c?
1
Let q(k) = -k**3 - 8*k**2 - k - 11. Let u(v) = -v**3 + 3*v**2 - 3*v + 1. Let w be u(3). Let y be q(w). Let p = y + 7. What is the units digit of p?
4
Let l(q) = -q + 2. Let v be l(0). Suppose -j - 5*d = -27, -81 - 8 = -5*j - v*d. What is the units digit of j?
7
Let d = 40 + 91. Suppose 0 = -4*f + 3*h + d, -3*f - 2*h = 2*h - 117. What is the tens digit of f?
3
Let w(v) = 2*v - 5. Let b be w(6). Let q = b - 3. Suppose -4*z = -28 - q. What is the units digit of z?
8
Suppose 5*a + 4*y - 70 = 0, a - 3*y - 17 = 16. What is the units digit of a?
8
Let c = 22 + 14. What is the units digit of c?
6
Suppose h = -0*h - 5*u + 10, -5*u + 40 = 4*h. Suppose -2*o + h = -10. Suppose -3*q - o = -5*y - 7*q, 0 = 5*q. What is the units digit of y?
2
Let f = -26 + 34. Suppose -36 + f = -v. What is the units digit of v?
8
Suppose -3*t = 2*t + 4*n - 1003, t = 4*n + 215. What is the units digit of t?
3
Let m(v) = -3*v**2 + 7*v - 6. Let z(f) = 7*f**2 - 14*f + 12. Let h(j) = -5*m(j) - 2*z(j). What is the units digit of h(8)?
4
Let z = 115 - 71. Let l = z - 12. What is the units digit of l?
2
Let u = 13 + 0. Suppose -1 = -5*g - d + 12, -u = g - 5*d. What is the units digit of g?
2
Suppose 3*a = 71 + 16. What is the units digit of a?
9
Let f(r) = 2*r**2 - 5*r - 7. Let z be f(6). Suppose -2*s - 3*s = z. Let g = -4 - s. What is the units digit of g?
3
What is the tens digit of 2874/14 - (-14)/(-49)?
0
Let i(h) = -h**3 - 3*h**2 + 5*h + 3. Let w be i(-5). Suppose 2*y = 2*z - 0*y + 2, -4*z - 4*y + w = 0. Suppose z*c + 3 = 4*c. What is the units digit of c?
3
Suppose c = -3*m + 14, 3*m + 4*c = 11 + 9. Suppose -3*d = -m*d + 3. What is the units digit of d?
3
Let c = 8 - 5. Suppose 0 = -2*r - 5*n - 8 - 15, 2*n + 7 = -c*r. What is the units digit of r/4 + 31/4?
8
What is the units digit of (-106)/(-3) + 28/42?
6
Suppose -5*w - 176 = -7*w. What is the tens digit of w?
8
Let o = 263 + 34. What is the hundreds digit of o?
2
Suppose -v - 9 = -3*s + 6, -4*s - 50 = v. Let o = -15 - v. What is the units digit of o?
5
Let y(c) = c - 2. Let f be y(5). Suppose f*o + 18 = -0*o. What is the tens digit of o/(-5)*125/10?
1
Let h = 5 + -5. Let q(p) = 4*p**2 + h*p**3 + p**3 + p - 5 + 10. What is the units digit of q(-4)?
1
Suppose 2*u = -0*u. Suppose 2*p = 4*p - 8. Suppose -p = -u*l - l. What is the units digit of l?
4
Let b(c) = 4*c**3 - 2*c**2 + 2*c + 2. What is the units digit of b(2)?
0
Suppose -76 = 4*p + 5*t, 2*t = 3*t. Let k = 1 - p. What is the tens digit of k?
2
Let i be (-4)/14 + 37/7. Suppose 6 = i*v + 126. What is the tens digit of (-7 - v) + 2/2?
1
Suppose 2*o - 5*g - 7 + 0 = 0, 0 = 3*o + 2*g - 20. Let p be 4/(-12) + 14/o. Suppose -7 = -3*b + p*b. What is the units digit of b?
7
Let y = -70 + 239. What is the units digit of y?
9
Suppose -c + 2*f + 22 = -22, 2*f + 176 = 4*c. Suppose -5*k + c = -1. What is the units digit of k?
9
Let l(d) = 38*d - 13. What is the hundreds digit of l(8)?
2
What is the units digit of (3/(9/(-4)))/(1/(-69))?
